 -21*l + 7. Let j(d) = 10*d - 3. Let i(a) = 9*j(a) + 4*m(a). Give i(o).
-11
Suppose t = 2*c + 16, -4*c - 33 = -4*t + 23. Let a = 7 + -4. Let g be 52/16 - a/t. Let y(o) = -3*o + 1. What is y(g)?
-8
Let y(i) = -i**3 - 18*i**2 + 20*i + 20. Let a be y(-19). Let t = 0 + 4. Let o(v) = -3 - 1 + 1 - t*v + a. Determine o(-2).
6
Suppose -60*d + 56*d + 20 = 0. Suppose y + 4*l = 11, d*y - 2*l + 17 = -4*l. Let o(q) = q**3 + 5*q**2 + 3*q + 6. Determine o(y).
-9
Let a(r) = -6*r + 27. Let l be a(3). Suppose 9*z - l - 27 = 0. Let v(o) = -o - 9. Let d(x) = -2*x - 10. Let q(i) = -3*d(i) + 4*v(i). Calculate q(z).
2
Let b(n) be the second derivative of -n**4/12 - 5*n**3/3 - 6*n**2 - 12*n. Give b(-8).
4
Let s be ((-26)/4)/((-3)/(-6) + -1). Let f = s + -18. Let v(m) be the third derivative of m**5/60 + m**4/6 + m**2. Determine v(f).
5
Suppose 0 = 47*u + 536 - 301. Let g(s) = s**2 + 6*s + 3. Give g(u).
-2
Let b(f) = -3*f - 13. Let u(h) = h + 6. Let l(r) = 2*b(r) + 5*u(r). Let n(x) = 38*x + 346. Let p be n(-9). Determine l(p).
0
Let c(i) = -5*i**2 + 3*i**2 + 4*i + 4*i**2 - 3 + i**3 + 5*i - 14*i. Let j(t) = 3*t - 1. Let x be j(-1). Give c(x).
-15
Let u(d) = d**3 - 2*d**2 - 7*d + 2. Let t = -216 - -220. Calculate u(t).
6
Let q(y) = -9*y + 6. Let j(s) = 19*s - 12. Let k(f) = -2*j(f) - 5*q(f). Let v be k(-3). Let w be 12/9 - (-36)/v. Let p(l) = l - 1. Calculate p(w).
-1
Let w(i) = -4923*i - 7*i**2 + 1 + 2463*i - i**3 + 2467*i. What is w(-8)?
9
Let j(z) = z**3 - 8*z**2 + 7*z + 2. Let g be 3 - (3 - 2 - 3). Suppose -g*u = 4*x - 105, -95 = -5*u - 5*x + 3*x. Suppose -u*y + 16*y = -7. Determine j(y).
2
Suppose -5*h - 3 + 2 = -3*a, -5*h + 7 = a. Let l(s) be the first derivative of 0*s - 2/3*s**3 + 1/2*s**2 - 12. Determine l(a).
-6
Let s be (2/(-4))/((-5)/(-2) + -3). Suppose 0*i + 17 = -5*i - 4*v, -1 = i + 2*v. Let u be s*(-7 + 3 - i). Let m(k) = -6*k**3 - k**2 + 2*k - 1. Give m(u).
-6
Let r(o) be the second derivative of -5*o + 9/2*o**2 + 0 + 1/3*o**3. Calculate r(-7).
-5
Let i(s) = -3*s - 5. Suppose 11 - 13 = 5*h - 2*f, -3 = -3*f. Calculate i(h).
-5
Let y(l) be the third derivative of 1/10*l**5 + 1/6*l**3 - 17*l**2 - 1/24*l**4 + 0 + 0*l. Calculate y(1).
6
Suppose -v + 2 = h + 2*h, -5*h + 3*v = -22. Let l(n) = -n + 52. Let f(j) = 5*j - 285. Let y(q) = -2*f(q) - 11*l(q). Give y(h).
0
Suppose 0*l + 3 = l. Let h(y) = -10*y**2 + 66*y + 13. Let d(z) = 7*z**2 - 47*z - 9. Let r(a) = -7*d(a) - 5*h(a). What is r(l)?
4
Let j(t) be the second derivative of -t**3/2 + 2*t**2 - 7*t - 10. Give j(5).
-11
Suppose -5*s + 10*s - 25 = 0. Suppose 4*v = 4*i, v = s*v - 2*i - 4. Let z(p) = p**3 + 9*p**v - 3*p**2 - p - 5*p**2 - 8. Give z(0).
-8
Let x(y) = -3*y - 2. Let l(d) = -12*d - 8. Let p(i) = -2*l(i) + 9*x(i). Let z(f) = 9*f + 6. Let w(r) = 11*p(r) + 4*z(r). What is w(-2)?
-4
Let l = 112 + -116. Let p(c) = c**3 + 4*c**2 + 4*c - 5. Determine p(l).
-21
Let z(y) = 3*y**2 + 3*y + 1. Let k(b) = -20*b**2 + 231 - 237 - 16*b + 4*b**2. Suppose 0*c = 3*c + 6. Let j(i) = c*k(i) - 11*z(i). Give j(-3).
-5
Suppose 0*q = 47*q - 141. Let p(b) = -b**2 - b + 2. Let u(l) = l**2 - 2. Let m(h) = -2*p(h) - 3*u(h). Calculate m(q).
-1
Let d(m) = -m + 1. Let p = 536 - 533. Calculate d(p).
-2
Let x be (-26)/6 + (-40)/60. Let l(f) = -f**3 - 5*f**2 - 12. Give l(x).
-12
Suppose -4*b = -10 - 2. Let c(p) = p**3 + 1. Let o(i) = 2*i**3 + i**2 + i + 11. Let f(u) = b*c(u) - o(u). Let g be (-1)/(2/6) - -3. Calculate f(g).
-8
Let u(m) = -m**3 - 6*m**2 + 2*m + 9. Let c = 56 - 100. Let f = c - -38. What is u(f)?
-3
Let g(m) = 3*m**3 + 7*m**2 - 3*m - 2. Let p(d) = 5*d**3 + 7*d**2 - 4*d - 3. Let j(v) = -3*g(v) + 2*p(v). Give j(7).
7
Let j(a) = -22*a - 3. Let s = 80 - 82. What is j(s)?
41
Let d(v) be the first derivative of 3*v**2/2 - v - 65. Determine d(3).
8
Let w = 335 + -199. Let l be w/36 - 4/(-18). Let h(y) = -y**2 + 5*y - 1. What is h(l)?
3
Let q be (-24)/(-8) - 6/(-2). Let u(i) be the first derivative of -q*i**2 - i + 4 + 6*i**2 - i**3 - i**2. Determine u(-1).
-2
Let y(i) be the third derivative of i**6/24 - i**4/6 - i**2 + 59. Calculate y(-2).
-32
Suppose 0 = -4*i - 2*s + 14, -26 = -3*i + 2*s + 2. Let a(m) be the third derivative of -m**6/120 + m**5/10 + m**4/12 - 4*m**3/3 + 11*m**2 + m. What is a(i)?
4
Suppose -2*w - 1 + 5 = 0. Let j = w + 1. Let g(d) = -2*d + 2*d - d. Give g(j).
-3
Let r(w) be the first derivative of w**3/6 - w**2/2 + 9*w - 8. Let m(p) be the first derivative of r(p). Calculate m(7).
6
Let h(g) be the third derivative of -7/24*g**4 + 7/6*g**3 + 0 + 4*g**2 - 1/60*g**5 + 0*g. Let j be 1 - 3*(-6)/(-2). Determine h(j).
-1
Let u(h) = h - 3. Let f = 174 - 131. Suppose 15 = -f*g + 46*g. Calculate u(g).
2
Let r(s) = -s**3 + 4*s**2 - s + 3. Suppose -11*u + 0*u + 154 = 0. Let m be (u/(-21))/((-86)/(-30) + -3). Give r(m).
-27
Let r(v) be the first derivative of -14 - v - 1/2*v**2. What is r(6)?
-7
Suppose -3*a - 7 = t, a + a + 6 = 0. Let n(k) be the first derivative of -k**4/4 + 2*k**3 - k**2 - 2*k - 81. What is n(t)?
10
Let s(q) be the third derivative of -7*q**6/360 + q**5/120 + q**4/24 - 11*q**3/6 + 4*q**2. Let f(g) be the first derivative of s(g). What is f(-1)?
-7
Suppose -5*a - 4*u = 9 + 7, -5*a - u = 4. Suppose -3*i = 4*w + 20, w - 4*i + 5 = -a*w. Let b(q) = q**2 + 5*q + 3. Calculate b(w).
3
Let d(t) be the second derivative of t**4/12 - 4*t**3/3 - 6*t**2 + 108*t. What is d(9)?
-3
Let x(t) be the first derivative of -t**2 - 5*t + 44. What is x(5)?
-15
Let o = 30 + -24. Let m(b) = o - 2*b + 3*b + 3*b - 1 + b**2. Calculate m(-4).
5
Let r be -10*(2*(-3)/6)/(-5). Let s(k) be the first derivative of 2 + 0*k**2 - 2*k + 1/3*k**3. Give s(r).
2
Suppose 6*b = -9 - 3. Let w(u) be the second derivative of -u**5/20 - u**4/3 - u**3/2 - u. What is w(b)?
-2
Let x(l) be the first derivative of -l**2/2 + 2*l + 25. Let f(m) = m**2 + 9*m - 8. Let c be f(-9). Let p = 4 + c. Give x(p).
6
Let q(x) = -2*x + 2. Let n be 19 + -8 + 2 + -3. Let w be (-6)/n*-5 + 2. Calculate q(w).
-8
Let s(x) be the first derivative of x**4/4 - 2*x**3 + 9*x**2/2 + x + 2. Let q be s(4). Let w(t) = 3*t + 2 - 3 - 6. Determine w(q).
8
Let s = 23 - 15. Let l = s - 7. Let p(z) = 11*z**2 - 2*z + 1. What is p(l)?
10
Let w(l) be the third derivative of -l**5/60 - 5*l**4/24 - 5*l**3/3 - 16*l**2. Determine w(-4).
-6
Let o(g) = -4*g**2 + 5*g + 6. Let v be o(-1). Let w(y) = 5*y + 4. Calculate w(v).
-11
Let h(b) = -b**2 - 6*b - 1. Let g(d) = d**3 + 16*d**2 - 3*d + 9. Let s be g(-16). Suppose 3*v + s - 45 = 0. Give h(v).
7
Let d(h) = -h - 4. Let n(x) = -4*x - 21. Let c(f) = 11*d(f) - 2*n(f). Give c(4).
-14
Let y(m) = -m**2 + 9*m + 2. Suppose -4*j + 22 = 5*x, -4*j - 4*x + 1 + 23 = 0. Determine y(j).
10
Let q(i) = -i**2 - i + 1. Let y be 6/10*110/66. Determine q(y).
-1
Let l(n) = 6*n - 8 - 26 - 13 + 46 + 4*n. Determine l(-2).
-21
Let a(p) = -p**3 - 9*p**2 - 13*p - 8. Let o(j) = 2*j**3 + 18*j**2 + 25*j + 15. Let n be ((-64)/48)/(-1 - 8/(-6)). Let r(h) = n*o(h) - 7*a(h). What is r(-8)?
4
Suppose 30 = -3*g - 2*g. Let m(z) = -15*z**3 - 25*z**2 - 13*z - 17. Let w(i) = -7*i**3 - 12*i**2 - 6*i - 8. Let p(y) = -6*m(y) + 13*w(y). Determine p(g).
-2
Let n(d) = 10*d**3 - 7*d**2 + 6*d**2 - 2*d + d**3 - 10*d**3 - 1. Let p be 1/(-2*3/(-30)). Suppose 0 = -p*u - 5 + 15. What is n(u)?
-1
Let g(j) = j**2 - j. Let y(o) = -8*o**2 + 5*o - 1. Let z(b) = -11*g(b) - 2*y(b). Calculate z(-1).
6
Let d(k) = k**2 - 30*k + 58. Let v be d(28). Let r(f) = -11*f + 3. Give r(v).
-19
Suppose 0 = -25*g - 9*g + 34. Let o(r) = -25*r**3 + 2*r**2 - r - 1. Give o(g).
-25
Let r(q) = -3*q**2 - 12*q + 9. Suppose -5*a + w + 24 = 0, 2*w = -a + 2 - 6. Let f(u) = -u**2 - u + 1. Let d(j) = a*f(j) - r(j). Determine d(7).
2
Let g = -21 - -22. Suppose -3*h - g = -4*h. Let d(u) = -7*u**3. Give d(h).
-7
Let y = -70 - -72. Suppose -4*u = 2*i - 18, y*i + 2*i - 20 = 0. Let c(l) be the first derivative of -l**4/4 + 4*l**3/3 - l**2 - l + 2. Calculate c(u).
3
Suppose l = 2, 5*p + 2 = 3*p + 4*l. Suppose -p*f + 5 = -2*f. Suppose 3*a - 10 = -3*u + 11, f*a = 4*u - 1. Let y(b) = 2*b - 4. What is y(a)?
2
Let q be 2*-2 - -2 - -7. Let l(u) = 2. Let a(w) = w + 1. Let m(d) = -3*a(d) - l(d). What is m(q)?
-20
Let l(v) be the second derivative of v**6/360 + 3*v**5/40 + v**4/4 + 23*v**3/6 - 22*v. Let n(k) be the second derivative of l(k). What 